e r(-4). Let t = p + -55. Let u be 3/(((-5)/t)/1). What is the highest common divisor of u and 30?
30
Let c = 259 + -139. Suppose 35*y - 37*y = -c. Calculate the greatest common factor of 90 and y.
30
Suppose -679*l + 90 = -664*l. Calculate the greatest common divisor of 3678 and l.
6
Let q = -44967 - -44970. Suppose 0 = -5*t - 2*a + 420, 2*t - 51 = -4*a + 117. Calculate the highest common factor of t and q.
3
Let h(q) = 3*q - 14. Let b be h(5). Let u be b*(6 - 5) + 4. Calculate the greatest common divisor of u and 20.
5
Let h(w) = -20*w - 3. Let m be h(-2). Let n(v) = -16*v**3 + 4*v**2 - 14*v - 29. Let z be n(-3). Calculate the highest common divisor of z and m.
37
Suppose 4*i + 361 - 421 = 0. Suppose 11*m + 4*j = i*m - 40, 5*j - 10 = 0. What is the greatest common factor of 12 and m?
12
Suppose q + q + 4*n - 1576 = 0, 790 = q + n. Let d be ((-6)/(-1))/((-22)/q). Let i = d + 419. Calculate the highest common divisor of i and 29.
29
Suppose 38*q + 8 = 39*q. Let r be ((-16)/(-3))/q*-3. Let c be (-55)/2*44/10*r. Calculate the highest common factor of c and 22.
22
Suppose 6*v - 10*v = -312. Let d = 93 - v. Let g = -5 - -8. Calculate the greatest common divisor of d and g.
3
Let f be (-4)/10 - 2556/(-90). What is the greatest common divisor of f and 26754?
14
Suppose 4*t + 0*t = -4*x + 840, x = 2. Suppose -95*o = -91*o - t. What is the highest common divisor of 78 and o?
26
Let t = 9 + -8. Let v be (22/(-6))/(t/(-3)). Let w = 3280 - 3269. What is the greatest common divisor of v and w?
11
Let j be 28 - 25 - 5/((-30)/24162). What is the greatest common divisor of 260 and j?
130
Let x be (-2 - -1)/(2/10). Let n = -1 + x. Let j be (-1112)/(-20) - n/15. What is the greatest common divisor of 8 and j?
8
Let w = -4626 - -4896. What is the greatest common divisor of 4806 and w?
54
Let j = 395 - 356. Suppose -30*d - 1206 = -j*d. What is the greatest common divisor of d and 2?
2
Suppose -5*g + 4*j + 914 = -118, -2*g = 5*j - 426. What is the greatest common divisor of g and 182?
26
Suppose -267694 = -131*q - 59404. What is the greatest common divisor of 75 and q?
15
Suppose -8461477 - 2027868 = -499*z - 589185. What is the greatest common factor of z and 80?
80
Let r = 82 + -47. Let d = -11629 + 11636. What is the greatest common divisor of d and r?
7
Let z(y) = -4*y**2 - 13*y - 5. Let a be z(-5). Let p be (-4)/6 - a/(-12). Let x be (2 + p/(-3))*27/15. What is the greatest common factor of x and 18?
6
Suppose 21 = -355*l + 362*l. Let v be (935/132 - (-2)/8)*l. Suppose 3*h - 6 = -0. What is the greatest common divisor of v and h?
2
Suppose -15*j + 19242 = 3*j. Suppose -3*s + 4*q = -j - 45, -3*q - 1864 = -5*s. Calculate the highest common factor of 34 and s.
34
Let a = -595 - -731. Let t be (-340)/a + 437/2. Let q = 59 - 32. Calculate the greatest common factor of q and t.
27
Suppose -64*q + 465 = -1455. Suppose 4*k - 3375 = -k. Suppose 0 = r, 5*u + 2*r - k = -3*r. What is the highest common divisor of q and u?
15
Let v(u) = -3*u**2 - 339*u - 852. Let h be v(-110). Calculate the highest common factor of h and 159.
3
Suppose 936 = 8*q + 28*q. What is the greatest common factor of 3614 and q?
26
Suppose 11*t - 41*t = -40800. Suppose w + t = 41*w. What is the greatest common divisor of 68 and w?
34
Suppose -257 = -5*t - 17. Suppose o + 0 = -3*s + 7, -4*s + 18 = -3*o. Suppose -s*k = -1 - 35. Calculate the greatest common factor of t and k.
12
Let y = -3093 + 3314. Calculate the greatest common divisor of 507 and y.
13
Suppose -v = -y + 15145, -51*y - 3*v = -56*y + 75723. What is the highest common factor of 16 and y?
8
Let h(p) = -4*p**3 + p**2 + p - 1. Let f be h(2). Let t be (4 + -6)/(2/f). Let a be (12 + -3 + 126)/1. Calculate the greatest common factor of a and t.
27
Let h be 126/(-5)*((-1650)/45)/22. Calculate the highest common divisor of 75054 and h.
42
Let u(o) = -4*o - 4. Let z be u(-3). Let v be 1448/(-1086)*(-4 - 3 - (-1 - 0)). What is the highest common divisor of v and z?
8
Suppose -107 = 8*h - 275. Let d be h*(120/100)/(18/340). What is the highest common factor of d and 14?
14
Let t = 24 + -16. Suppose -14*a = -t*a - 1728. Suppose 9*q + a = 13*q. What is the greatest common divisor of q and 8?
8
Let t(n) = 16*n**2 - 8*n + 10. Let p be t(4). Suppose 5*r = w - 47, 0*r = 3*w - 3*r - 153. What is the greatest common divisor of p and w?
26
Let n(d) = 7*d**2 + 301*d + 914. Let a be n(-3). Calculate the highest common divisor of a and 2257.
37
Let r be 8/(-6)*(-618)/(-4). Let c = -81 - r. Suppose 3*q + 109 = 4*w, 3*w - 84 = 6*q - 3*q. Calculate the greatest common divisor of w and c.
25
Let h(u) = u**3 - 12*u**2 - 7*u - 15. Let i be h(14). Suppose -313 = -d - i. What is the greatest common divisor of d and 272?
34
Let x = 13 + 4. Let o be 273/(-247) - (-4)/38. Let w be o/(-4 + 5)*-1*x. What is the highest common divisor of w and 136?
17
Suppose 2*d + 2436 = 8*d. Let v = d - 220. What is the highest common factor of 6 and v?
6
Suppose 253*p = 258*p - 880. Suppose -x + 38*a = 40*a - 178, 0 = x + 4*a - p. Calculate the greatest common divisor of 18 and x.
18
Suppose 0 = -42*y + 65*y - 2093. Calculate the greatest common divisor of 8645 and y.
91
Suppose -36*w - 22682 + 130906 = 2*w. Calculate the greatest common factor of 96 and w.
32
Let f(v) = 2*v**3 - 25*v**2 + 12*v + 4. Let j = -19 - -32. Let c be f(j). Calculate the greatest common divisor of 141 and c.
47
Let m be (-48)/(-5) + 4/10. Let j = 17317 + -16827. Calculate the greatest common factor of m and j.
10
Suppose 96475*l - 96477*l = -44. What is the greatest common factor of 88 and l?
22
Let c(v) = -15*v + 2. Let u be c(-2). Suppose -14*b + 290 + 593 + 461 = 0. Calculate the greatest common divisor of u and b.
32
Let v(r) = -36*r - 82. Let q(a) = 55*a + 124. Let t(l) = -5*q(l) - 8*v(l). Let d be t(0). Calculate the highest common factor of d and 4.
4
Suppose 0 = 44*g - 46*g + 20. Suppose -3*p - n = -11, 4*p - 3*n + 0 - 6 = 0. Let l be 366/60 + p/(-30). What is the highest common divisor of g and l?
2
Suppose 0 = -3*x + x - 2*n, -n = -3*x. Let t(z) = z**3 + z**2 - 3*z + 24. Let a be t(x). What is the greatest common divisor of a and 192?
24
Let k(b) = 11*b**3 + 4*b**2 - 23*b + 277. Let t be k(7). What is the highest common factor of 665 and t?
95
Suppose 9*x - 8*x - 2*a - 158 = 0, -262 = -2*x - 2*a. Suppose 2*b + i - 55 = 0, -5*i + 43 = -5*b + 188. Calculate the greatest common divisor of x and b.
28
Suppose -2*q - 140 = -4*q. Let a(u) = -9*u + 160. Let g be a(10). What is the greatest common divisor of q and g?
70
Let f be (-1734)/85*-50*(0 - -1). Suppose 22*k + f = 24*k. Calculate the greatest common divisor of k and 34.
34
Let b be ((-28)/(-12))/(-7)*-12. Suppose -b*t + 706 = -606. Calculate the highest common divisor of 41 and t.
41
Let l be (-22)/(-77) + (-123960)/(-35). What is the highest common divisor of 77 and l?
77
Let c = -20 + 24. Let q be (c - -396)*1/1. Suppose -2*u = -7*u - 3*m + q, 0 = 4*u - m - 303. What is the highest common divisor of u and 11?
11
Let p = 10346 - 4270. What is the highest common divisor of 31 and p?
31
Let x(i) = i**3 + 12*i**2 + 19*i - 7. Let w be x(-9). Let s = 39 - w. Let z be (s/3 + 2)/((-20)/330). Calculate the greatest common factor of 22 and z.
22
Let k(g) = -7*g - 5. Let f be k(-11). Let y = 126 - f. What is the highest common factor of 126 and y?
18
Let i be 3116/78 + 67/(65325/50). What is the highest common factor of i and 17500?
20
Let h be 6/5*(-60)/(-18). Suppose 0 = n - 1, -2*n = -g - h*n + 39. Calculate the greatest common factor of 148 and g.
37
Suppose -345*k - 12390 = -366*k. Calculate the greatest common divisor of k and 80.
10
Let q = 10 - 6. Let z be (-8)/(-124) + (16/(-88) - 210936/(-7502)). What is the greatest common divisor of q and z?
4
Let c be (-3535)/(-385) + 4/(-22). Let l be (-1730)/(-8) - c/36. What is the highest common factor of l and 54?
54
Let r = 217 + -122. Suppose 5*m - 696 + 32 = -t, -5*m + t + 666 = 0. Calculate the highest common divisor of r and m.
19
Suppose 0*b - 8 = -2*b. Let k(j) = b + 3 + j - 1 - 7. Let y be k(4). What is the highest common divisor of y and 1?
1
Let h(o) = -4*o**2 - 6*o - 521. Let n(u) = -u**2 - 2*u - 175. Let j(d) = -2*h(d) + 7*n(d). Let a be j(-13). Calculate the highest common factor of a and